x + 10. Suppose -43 = -3*r - k, k = -r + 5*k + 23. Let j be (-2)/x - (-354)/r. Calculate the greatest common divisor of j and 16.
8
Let v(x) = -x**2 + 5. Let i be v(0). What is the highest common factor of 35 and i?
5
Suppose 3*r - 72 = -2*r + 4*c, -42 = -3*r + 3*c. Suppose -3*f = -2*f - 32. What is the highest common divisor of f and r?
16
Suppose j - 3*j = 0. Suppose 9 = g + 5*p, j*g + 5*p = 3*g - 7. Suppose 0 = -0*z - g*z + 20. Calculate the greatest common factor of 40 and z.
5
Let l(z) = z**3 + 12*z**2 + 8*z + 20. Let g be l(-10). What is the highest common divisor of g and 10?
10
Suppose 7*t = 4 + 31. Let m(s) = 8*s**2 - 5*s**3 - 2*s**2 - 4 + 4*s**3 - 3*s. Let x be m(t). Calculate the highest common divisor of 18 and x.
6
Suppose 0 = -2*f + 6 + 4, 0 = -s - 2*f + 10. Let k be 46/(-1) + (2 - s). Let l = -30 - k. What is the greatest common factor of 126 and l?
14
Let p = 89 + -59. What is the greatest common factor of p and 6?
6
Let a = -4 - -10. Let p be 586/(-4) - (-1)/2. Let c be 1/(-4) + p/(-8). Calculate the greatest common divisor of c and a.
6
Suppose -m + 2*f - f = -5, m - 2*f = 0. Suppose -b - m = 16. Let j = 38 + b. What is the highest common divisor of j and 84?
12
Let a = -3 - -5. Suppose -y = a*y - 9. What is the greatest common factor of 3 and y?
3
Suppose 7*m - 8*m = -44. Suppose 0*b = -b + r + 62, 0 = 3*r - 12. Calculate the highest common factor of m and b.
22
Let s be -5 - -6 - (0 - 1). Let w be 2/(4/s)*1. What is the greatest common divisor of 1 and w?
1
Let i = -16 + 26. Let d = -207 + 222. Calculate the highest common factor of i and d.
5
Suppose -6*i = -386 - 280. Calculate the greatest common divisor of 74 and i.
37
Let k be 90 + -1 + (-2 - (2 + -3)). Let v be 9 + (-4)/(2/(-1)). Calculate the highest common divisor of v and k.
11
Let t(q) = -q**3 - 8*q**2 - 7*q + 7. Let k be t(-7). What is the greatest common divisor of 7 and k?
7
Suppose 11*j = 4*j + 42. What is the greatest common factor of j and 30?
6
Let l(s) = 8*s**3 + s**2 - 1. Let p be l(1). Suppose -22 = -3*k + p. What is the highest common factor of 5 and k?
5
Let v(j) = 13*j + 12. Let t be v(6). Calculate the highest common factor of 15 and t.
15
Let r(f) = f**3 + 3*f**2 + 6*f + 1. Let x be r(5). Calculate the highest common factor of x and 21.
21
Suppose 2*i + 3*i = 50. Let r(a) = -2*a + 68. Let o be r(19). Calculate the greatest common divisor of o and i.
10
Let w = -144 - -168. What is the greatest common divisor of w and 12?
12
Let h be (-2)/((-5)/((-625)/(-10))). Calculate the greatest common divisor of h and 275.
25
Let y = 2 + 0. Suppose -y*r - 26 = -4*r. Calculate the highest common factor of r and 26.
13
Suppose -2*h + 4*h - s = 5, 2*h + 4 = 4*s. Let w(y) = -3*y + 1. Let j be w(-2). Let k be 260/(-6)*(h - j). Calculate the highest common divisor of 13 and k.
13
Suppose 0 = h - v - 4 - 20, -5*v = -h + 44. Let i = h - 11. What is the greatest common factor of 8 and i?
8
Let x(z) = z**3 + 9*z**2 + 8*z + 19. Let u be x(-8). Calculate the greatest common factor of u and 19.
19
Let u(b) = b**3 + 11*b**2 - 33*b - 16. Let d be u(-13). Calculate the highest common divisor of d and 30.
15
Suppose -12*m + 149 = 53. Calculate the greatest common divisor of m and 16.
8
Let r be -3 + (14 - (-4)/(-4))*1. Calculate the highest common factor of 20 and r.
10
Suppose -2*m + 10 = 2. Suppose -1554 = 5*s + m*r, 2*r = -3 + 1. Let t be s/(-3) - 8/(-12). Calculate the greatest common factor of t and 13.
13
Suppose 0 = -z + 3*z - 940. Suppose 135 = 5*n - z. What is the highest common factor of n and 11?
11
Suppose 3*r - 23 = -5*o, 3*o + 2*r = 11 + 3. Let x(y) = 4*y - 6. Let s be x(o). Calculate the highest common factor of 50 and s.
10
Suppose 2*p - 1152 = -2*p. Suppose 2*s - 4*s + p = 0. What is the greatest common factor of s and 18?
18
Let s(u) = 17. Let k(i) = i - 35. Let p(l) = -2*k(l) - 5*s(l). Let r be p(-11). What is the greatest common divisor of 7 and r?
7
Let p be (-6)/9 + -394*(-3)/18. Calculate the greatest common divisor of 5 and p.
5
Let r = 52 - 14. Let i be (-2)/5 + 97/5. Calculate the greatest common divisor of i and r.
19
Let b(p) = -p**2 - 10*p - 8. Let u be b(-6). Calculate the highest common divisor of u and 24.
8
Suppose 149 = 3*a - 1. What is the greatest common factor of a and 40?
10
Suppose -4*m - m + 110 = 0. Let v = -32 + 54. Calculate the greatest common factor of m and v.
22
Suppose 3*y = -2*f + y + 8, -2*f - y = -6. Suppose f*k + 4 = 6*k. Let o(u) = 39*u + 1. Let c be o(k). What is the highest common divisor of c and 16?
8
Let j be (-3)/6*-2*8. What is the greatest common factor of j and 88?
8
Suppose -118 = -4*y + 2*t + t, 3*y - 80 = -2*t. What is the highest common factor of 7 and y?
7
Let d(h) = -2*h - 1. Let a be d(4). Let t(u) = -2*u. Let n be t(a). Calculate the highest common factor of n and 72.
18
Let f be ((-75)/(-9))/((-3)/(-45)). Suppose -b - 146 = -3*p, b - 108 = -2*p - b. Calculate the highest common divisor of f and p.
25
Let w(k) be the third derivative of -k**6/120 + 13*k**5/60 + k**4/24 - 4*k**3/3 - 2*k**2. Let a be w(13). What is the highest common divisor of a and 5?
5
Let l = -505 + 561. Suppose 13 = 3*k - 11. What is the highest common divisor of k and l?
8
Suppose 30 = 5*y - 2*y. Let z be 81/15 - 4/y. Suppose 3*s = z*g - 137, -12 = s + 2*s. Calculate the greatest common factor of g and 5.
5
Let m be (-5)/(-4)*3/((-12)/(-64)). What is the highest common factor of m and 12?
4
Suppose -234 = -13*g - 0*g. Calculate the highest common factor of 54 and g.
18
Suppose 215 = 3*l - h + 2*h, -4*l + 265 = -3*h. Let q = 68 + -40. Calculate the highest common divisor of q and l.
14
Let b be 1 + (-9)/(-2 - -1). Suppose -5*m + 40 = -b. What is the highest common divisor of 15 and m?
5
Let a be -7*2*(-24)/28. Calculate the highest common divisor of 36 and a.
12
Let g be ((-9)/6)/3*-8. Suppose -3*v - 6 = 0, 2*v = g*u + 70 - 514. What is the greatest common divisor of u and 22?
22
Suppose -2*z + 6 + 6 = 0. Calculate the highest common factor of 18 and z.
6
Let a be -2 + 1 - (-2 - 34). Let i be (-12)/(-9)*3/(-2). Let m be 3*(i + 20/3). What is the greatest common factor of m and a?
7
Let n(k) = -7*k + 10. Let g be n(-4). Calculate the highest common factor of g and 19.
19
Let i(f) = f**2 + 7*f + 8. Let g be i(-6). Let h be 27/((3 - g)/1). Suppose -6 + 3 = -l. Calculate the highest common divisor of h and l.
3
Let i(z) = -2*z + 6. Let c(p) = -2*p + 6. Let w(f) = -4*c(f) + 3*i(f). Let a be w(6). Calculate the greatest common factor of a and 3.
3
Let x be 1 + (2/(-4))/((-2)/124). Let i(j) = -32*j. Let d be i(-3). What is the greatest common divisor of d and x?
32
Suppose 5*h + 2*k - 24 = h, 4*k - 8 = 2*h. Let q = -67 + 99. What is the highest common factor of h and q?
4
Suppose -3 = 5*l + 3*u - 10, -5*l = -5*u + 25. Suppose -o + 21 = -4*o. Let y be (-3 - -1) + l - o. Calculate the greatest common factor of y and 36.
4
Suppose 0 = 2*b - 4*z - 148, -3*z - z + 248 = 4*b. Let x = b - 45. Calculate the greatest common factor of x and 105.
21
Suppose 0 = -x + 48 - 17. Let w = x + -11. Calculate the highest common factor of w and 8.
4
Let n be -25*(-14)/105*(-168)/(-10). What is the highest common factor of 14 and n?
14
Let i = -6 - -9. Let z be i/(((-6)/(-4))/1). Suppose -z*p + 6*p = 260. What is the highest common factor of p and 13?
13
Let n = -18 - -27. Suppose -2*l - 6 = 0, 3*y + 0*y + 3*l = 288. Calculate the greatest common divisor of n and y.
9
Suppose 2*o + 0*o - 360 = 0. Calculate the greatest common factor of o and 36.
36
Let d = -1 - 1. Let y be (4 + d)/(4/46). Suppose -a + 2*a - 4*f - y = 0, -5*a + 81 = -3*f. What is the highest common divisor of a and 6?
3
Let b = -19 - -25. Calculate the highest common divisor of 3 and b.
3
Let h be 4/(-16) - 61/(-4). What is the greatest common divisor of h and 165?
15
Let w = -34 - -70. What is the highest common divisor of 24 and w?
12
Let z(r) = 3*r**2 - 5*r + 10. Let h be z(-7). What is the greatest common factor of 24 and h?
24
Let p = 21 - -39. Let k be (4/10)/(4/p). Suppose 0 = -2*v + 3*z + 34, -k*v - 3*z + 106 = -v. Calculate the highest common factor of 30 and v.
10
Let s = 19 + -15. Suppose -5*b + 77 = 5*r - 8, -4*r - 52 = -s*b. What is the greatest common divisor of b and 165?
15
Let s(